 Calculate x(15).
-37
Let f(h) = h**2 - 34*h - 463. Determine f(26).
-671
Let i(l) = 22*l**2 + 3480*l - 52290. What is i(-172)?
-2
Let v(b) = 1147*b**2 + 1241*b + 143. What is v(-1)?
49
Let q(a) = -a**2 - 3997*a - 22. Calculate q(0).
-22
Let u(y) = y**3 + 9*y**2 - 5702*y - 17126. Determine u(-3).
34
Let p(y) = -18*y**2 - 831*y - 329. What is p(-44)?
1387
Let d(l) = 43427*l + 217120. Determine d(-5).
-15
Let b(q) = -85*q - 11310. Determine b(-136).
250
Let v(n) = n**3 - 266*n**2 - 4914*n - 1735. Give v(-17).
16
Let u(f) = 3*f**2 + 11601*f - 659063. What is u(56)?
1
Let s(a) = -a**3 - 27*a**2 - 182*a - 4898. Give s(-27).
16
Let l(m) = m**3 + 17*m**2 + 134*m - 12. Determine l(-17).
-2290
Let n(u) = -32*u**2 + 344*u + 88. Give n(11).
0
Let l(t) = -15*t**3 + 3*t**2 + 3582*t - 17843. Give l(5).
-1733
Let w(u) = -2*u**3 - 2*u**2 - 221*u + 1163. Determine w(5).
-242
Let j(r) = 9627*r + 6411575. Give j(-666).
-7
Let s(t) = t**2 + 138*t + 4408. Give s(-88).
8
Let n(j) = -j**3 - 41*j**2 - 142*j + 407. Give n(-6).
-1
Let q(p) = -3*p**2 + 4457*p - 215358. Give q(50).
-8
Let u(y) = -6675*y + 60075. Determine u(9).
0
Let c(k) = 389*k**2 + 743*k + 745. Determine c(-1).
391
Let s(y) = 3330*y - 539411. Calculate s(162).
49
Let i(x) = x**2 + 61*x - 377. Calculate i(-41).
-1197
Let h(b) = -131*b - 3251. What is h(-21)?
-500
Let z(n) = 5*n**3 + 5165*n**2 - 15541*n - 1018. Calculate z(-1036).
18
Let l(k) = k**3 + 123*k**2 + 2907*k - 472. What is l(-91)?
-17
Let r(w) = -1083*w - 29191. Determine r(-27).
50
Let h(m) = -458*m**3 + 21*m**2 + 80*m - 99. Give h(1).
-456
Let l(f) = 11*f**2 - 79902*f - 1441794. What is l(-18)?
6
Let t(w) = -w**3 - w**2 + 424*w + 1144. Give t(0).
1144
Let o(t) = 740*t - 77804. Calculate o(105).
-104
Let x(t) = -28*t**2 + 2346*t - 48872. What is x(45)?
-2
Let t(h) = 6*h**2 + 1501*h + 28664. Determine t(-19).
2311
Let a(d) = 14118*d + 296494. Calculate a(-21).
16
Let x(g) = -289*g + 4018. What is x(11)?
839
Let d(a) = a**3 + 133*a**2 - 24377*a - 3235185. Calculate d(-132).
3
Let u(s) = s**3 + 173*s + 1432. Determine u(-8).
-464
Let g(v) = -24*v**2 + 1203*v - 13477. Determine g(16).
-373
Let q(x) = 1154*x + 69230. Determine q(-60).
-10
Let j(c) = -c**2 - 14541*c + 378745. Calculate j(26).
3
Let c(g) = 3*g**3 - 1084*g**2 - 8508*g + 7773. Determine c(369).
24
Let v(y) = -2*y**3 + 324*y**2 + 35*y - 701. Determine v(162).
4969
Let r(x) = 107*x**2 + 600*x - 186. What is r(-6)?
66
Let l(h) = -4207*h**2 - 12624*h - 3. Determine l(-3).
6
Let v(z) = 8*z**2 - 1585*z - 195050. What is v(284)?
58
Let o(h) = -398*h - 22469. What is o(-56)?
-181
Let q(y) = y**3 + 48*y**2 + 469*y + 19836. Determine q(-47).
2
Let s(a) = -a**2 + 189*a + 7466. Calculate s(-34).
-116
Let f(v) = 2272*v + 215898. Give f(-95).
58
Let j(v) = 22599*v + 135550. What is j(-6)?
-44
Let w(t) = 2*t**3 - 1027*t**2 - 1492*t - 27248. Give w(515).
47
Let w(d) = 10*d - 2118. Determine w(222).
102
Let l(v) = 2*v**3 - 33*v**2 + 133*v - 110. Give l(9).
-128
Let w(a) = 3*a**2 - 11798*a + 47182. Determine w(4).
38
Let z(d) = -1808*d**3 - 1808*d**2 + 4*d. Determine z(-1).
-4
Let h(y) = y**3 - 54*y**2 + 571*y - 459. What is h(40)?
-19
Let i(p) = -p**3 - 23*p**2 + 160*p + 4032. Calculate i(-22).
28
Let y(q) = -805*q + 196. Give y(0).
196
Let r(c) = -3*c**3 - 3452*c**2 + 43008*c - 26761. Determine r(-1163).
-12
Let u(y) = -y**3 + 4*y**2 + 77*y + 114. Calculate u(-10).
744
Let m(n) = -n**3 - n**2 - 35636*n + 71285. Calculate m(2).
1
Let y(x) = 5044*x - 74996. Determine y(15).
664
Let a(h) = -14*h + 14541. What is a(1039)?
-5
Let k(w) = w**3 + 166*w**2 - 44*w - 7334. Calculate k(-166).
-30
Let q(s) = 3728*s + 52082. What is q(-14)?
-110
Let u(m) = -2*m**3 + 128*m**2 + 501*m - 15652. Give u(66).
-10
Let q(k) = 691*k - 4332. Determine q(6).
-186
Let m(o) = -3*o**2 + 2591*o + 5199. Determine m(-2).
5
Let b(i) = 87873*i + 878740. Determine b(-10).
10
Let o(a) = 5704*a - 924059. Give o(162).
-11
Let r(t) = 2*t**2 - 112*t - 2725. Determine r(-16).
-421
Let x(i) = 10*i**2 - 362*i + 3898. Give x(10).
1278
Let x(v) = -v**3 + 6*v**2 - 13*v - 32. What is x(-6)?
478
Let j(h) = -11*h**3 - 482*h**2 + 571*h - 635. Calculate j(-45).
-5
Let t(f) = -1067*f + 16894. Give t(16).
-178
Let n(b) = -974*b**3 - b**2 - 42*b + 41. Calculate n(1).
-976
Let i(v) = -v**2 + 1754*v - 18. Determine i(0).
-18
Let u(h) = 70*h**2 + 637*h - 3775. Give u(6).
2567
Let j(d) = 3*d**2 + 270*d - 14. What is j(-91)?
259
Let o(m) = m**3 + 614*m**2 + 6673*m + 24122. Calculate o(-603).
2
Let m(s) = -1727*s + 881. What is m(2)?
-2573
Let y(p) = -p**3 - 145*p**2 + 149*p + 1248. Determine y(-146).
810
Let d(l) = l**2 + 95*l + 1832. What is d(-59)?
-292
Let y(q) = 770*q - 4038. Calculate y(6).
582
Let o(n) = 752*n + 56738. Determine o(-69).
4850
Let g(l) = -148*l**2 - 30939*l - 1470. Give g(-209).
-7
Let o(q) = -q**2 + 4846*q - 1188091. What is o(259)?
-58
Let v(y) = 35*y**3 + 191*y**2 + 238*y + 9. Calculate v(-3).
69
Let i(c) = 58*c - 3125. What is i(43)?
-631
Let w(g) = 253*g**3 + 3*g**2 - 19*g + 37. Determine w(2).
2035
Let m(v) = v**3 + 1276*v**2 - 37851*v + 33. Determine m(29).
-141
Let f(d) = 76*d + 9920. Give f(-124).
496
Let z(q) = 2142*q**2 - 17124*q - 66. Calculate z(8).
30
Let h(q) = -1428*q**2 + 7141*q - 20. Calculate h(5).
-15
Let i(s) = -9*s**2 - 85*s + 36. Give i(-7).
190
Let s(p) = 2*p**3 - 12*p**2 + 7*p - 58. Determine s(7).
89
Let d(w) = 2*w + 324. Calculate d(-11).
302
Let g(k) = 2*k**3 - 82*k**2 + 146*k + 67. Give g(40).
2707
Let y(d) = -d**3 + 47*d**2 + 157*d - 3709. What is y(50)?
-3359
Let g(f) = -1638*f**2 - 8173*f + 75. Determine g(-5).
-10
Let c(u) = -98753*u + 2271315. Give c(23).
-4
Let p(n) = -43*n**3 + 20*n**2 + 423*n - 916. Determine p(2).
-334
Let b(p) = -6*p**2 - 641*p + 41199. Determine b(-152).
7
Let a(p) = p**3 + 46*p**2 - 10*p - 553. Determine a(-46).
-93
Let q(b) = -3*b**3 - 101*b**2 - 343*b + 1824. What is q(-29)?
-3
Let t(i) = i**2 + 40368*i - 80738. Determine t(2).
2
Let y(i) = i**3 + 110*i**2 + 1741*i + 1115. Give y(-91).
23
Let x(l) = 775*l - 585899. Determine x(756).
1
Let r(w) = 2*w**3 + 6494*w**2 + 180265*w + 36. Calculate r(-28).
8
Let c(x) = 4411*x - 13302. What is c(3)?
-69
Let p(w) = -33*w**2 - 10360*w + 643. Calculate p(-314).
15
Let o(p) = p**3 - 39*p**2 + 97*p - 667. Calculate o(37).
184
Let n(k) = 1539*k + 25218. Determine n(-17).
-945
Let f(h) = 1438*h + 46847. Calculate f(-32).
831
Let u(f) = 2*f**2 - 2226*f - 108924. Calculate u(-47).
116
Let t(y) = 3*y**2 + 529*y + 14296. Calculate t(-143).
-4
Let p(r) = -2*r**2 + 22545*r + 135294. Give p(-6).
-48
Let v(y) = -5*y**2 - 123*y - 787. What is v(-9)?
-85
Let u(n) = n**3 + 28*n**2 + 279*n - 79. Determine u(-20).
-2459
Let s(z) = -z**2 + 8113*z + 9. Give s(0).
9
Let x(w) = 2*w**2 - 6*w + 590. Give x(20).
1270
Let k(m) = -49281*m - 344988. What is k(-7)?
-21
Let c(s) = -854*s + 2846. Determine c(5).
-1424
Let w(j) = -71*j**2 - 6518*j + 1041. Determine w(-92).
-247
Let x(h) = 3781*h - 27386. Determine x(7).
-919
Let p(n) = -305*n + 320. Calculate p(1).
15
Let z(r) = -3*r**3 + 188*r**2 + 64*r + 408. What is z(63)?
471
Let y(u) = 189*u**2 - 8126*u - 31. What is y(43)?
12
Let h(b) = 421*b**2 - 5479*b - 28. What is h(13)?
-106
Let v(n) = 1765*n - 2513. Determine v(1).
-748
Let h(b) = b**3 - 24*b**2 + 11216*b - 305014. What is h(27)?
5
Let y(l) = 2*l**3 - 374*l**2 + 378*l - 1618. Give y(186).
-502
Let k(m) = -m**2 - 82406*m + 9572569. Calculate k(116).
17
Let d(q) = 290060*q - 1450304. Calculate d(5).
-4
Let j(m) = -500*m + 2396. Give j(3).
896
Let z(h) = 5986*h - 59872. Give z(10).
-12
Let r(s) = 465318*s + 3257239. What is r(-7)?
13
Let k(j) = 3073*j - 150612. Determine k(49).
-35
Let c(u) = -2*u**3 + 22*u**2 + 177*u - 76. Calculate c(-6).
86
Let k(g) = -78*g + 15201. What is k(198)?
-243
Let m(d) = 18450*d - 221422. What is m(12)?
-22
Let v(k) = -12*k**3 + 21*k**2 + 2426*k - 4860. Give v(2).
-20
Let z(x) = 111*x**2 + 18752*x - 1182. Determine z(-169).
1
Let o(q) = -q**2 - 101*q + 25290. Calculate o(116).
118
Let y(z) = -227*z + 25572. What is y(113)?
-79
Let h(g) = -g**3 + 103*g**2 + 1012*g + 2141. Give h(-6).
-7
Let g(i) = -i**3 - 52*i**2 - 144*i - 137. Calculate g(-49).
-284
Let b(q) = -96677*q - 290031. Determine b(-3).
0
Let p(x) = 3*x**2 + 670*x - 